19
Let k(n) = 26*n**2 - 2*n - 1. Let b be k(-1). Let x = 27 - b. Suppose i - m + x*m - 38 = 0, -5*m = -4*i + 156. List the prime factors of i.
2, 17
Suppose -6*n + 4*n + 6 = 0. Suppose -3*u = -0*u - 21. Suppose n*a - 5*x = 50, 2*x - 5 = -2*a + u. List the prime factors of a.
2, 5
Suppose -2*m - 175 = -7*m. Let v be 1/((-3)/21) - -3. Let i = m - v. List the prime factors of i.
3, 13
Suppose 2*l + 2*u + u = -93, 2*l = 4*u - 58. Let i = 53 + l. What are the prime factors of i?
2, 7
Suppose -12 = 4*r - 32. Let k be 0/(-2)*(-1)/2. Suppose -5*d - 40 = -0*t - t, k = -t - r*d + 70. What are the prime factors of t?
5, 11
Let u be 109/4 + 5/(-20). Suppose 2*k + 4 = -j + 13, -k - 5*j = -u. List the prime factors of k.
2
Let z = 18 + -40. Let t be (-1)/(-2)*(z - 0). List the prime factors of (-36 + 0)/(-13 - t).
2, 3
Let y = -17 + 150. Let r = -73 + y. List the prime factors of r.
2, 3, 5
Suppose 9440 = 11*w + 9*w. What are the prime factors of w?
2, 59
Let m = 75 + -72. List the prime factors of (250/(-40))/((-2)/8) - m.
2, 11
Let g = -152 - -156. Suppose 3*t - 522 = t - 4*j, 0 = 5*t + g*j - 1317. What are the prime factors of t?
5, 53
Let t(g) = 11*g - 8 + 8*g**2 - 5 + 4*g**3 - 5*g**3. Let s be t(9). Suppose 5*u = -k + s*k - 139, -143 = -4*k + u. List the prime factors of k.
2, 3
Let b(s) = -2*s + 1. Let y be 2/(-8) + 3/(-4). What are the prime factors of b(y)?
3
Let b be (9/18)/(3/(-318)). Let s = b + 78. List the prime factors of s.
5
Let h(w) = 2*w**2 - 57*w - 71. List the prime factors of h(38).
3, 7, 31
Let b(f) = f**3 - 3*f**2 + 3*f. Let i be b(2). Suppose i*d + 416 = 6*d. What are the prime factors of d?
2, 13
Let i = 300 + -42. List the prime factors of i.
2, 3, 43
Let s = 2 + -1. Let h be (-11)/s + -3 + 3. Let m = 17 + h. What are the prime factors of m?
2, 3
Suppose 5*s = 9*s - 1252. What are the prime factors of s?
313
Let i(w) = -5*w**3 - 3*w**2 - 5*w + 9. List the prime factors of i(-4).
7, 43
Suppose 2*m = 4 + 2. Suppose -1 + 7 = -m*j. What are the prime factors of -24*(-6 - j)/4?
2, 3
Let v = -119 + 173. Suppose 0 = a + x - 6*x - v, 5*x - 63 = -2*a. What are the prime factors of a?
3, 13
Let s be (-3)/9 - (-296)/6. Suppose 3*c + 0*i = -5*i - s, -c = i + 15. Let q = 40 + c. What are the prime factors of q?
3
Suppose 20 = 2*v + 2*v. Suppose -4*n + 1 = v. What are the prime factors of (n/2)/((-5)/90)?
3
Let y = -45 - -85. Suppose 0 = -34*d + y*d - 1266. List the prime factors of d.
211
Suppose 0*k - 4*r - 20 = 4*k, 5*k + r = -9. Let z(u) = -u**2 + u - 11*u**2 + 1 + 36*u**2 + 21*u**2. What are the prime factors of z(k)?
3, 5
Let x be (16/4 + -6)/(34/1921). Let z be 134/(-2) - 0/(-1). Let m = z - x. What are the prime factors of m?
2, 23
What are the prime factors of (61 + -49)/(6/86)?
2, 43
Let q = 0 - -8. Let y be (q/(-10))/(6/15). Let x(s) = 2*s**2 + 2*s + 1. List the prime factors of x(y).
5
Suppose 0 = 3*f - n - 46 - 3584, 2*f = -n + 2425. What are the prime factors of f?
7, 173
Suppose -7*i = -5*i + 4*o + 126, 3*o + 277 = -4*i. Let t be -3 - 124 - (1 - -1). Let f = i - t. What are the prime factors of f?
2, 7
Let q(c) = 39*c**3 + 2*c**2 - c - 1. List the prime factors of q(2).
317
Let p(t) = -67*t - 112. What are the prime factors of p(-12)?
2, 173
Let n = -1311 + 1890. What are the prime factors of n?
3, 193
Let c(y) = y**2 - 12*y - 7. Let x be c(13). Suppose 0 = x*o - 390 - 390. What are the prime factors of o?
2, 5, 13
Let j be -1 - 3/((-15)/530). Let b = j + -53. What are the prime factors of b?
2, 13
Suppose -5*u = -3*x + 26, 2*x - 2*u = -3*u. Suppose -102 = -x*v + 2*d, 0 = -0*v + 3*v - d - 147. List the prime factors of v.
2, 3
Let q(y) = 12*y**2 - 11*y + y**3 - 7*y - y - 15. Let v be q(-13). Let u = 100 - v. What are the prime factors of u?
37
Let j(u) be the second derivative of u**5/20 + u**3/3 - 2*u**2 - 15*u. List the prime factors of j(3).
29
Let b be 0*(2/(-6) + 4/(-6)). Suppose 5*h - 5 = b, 11*h = 4*p + 10*h - 675. List the prime factors of p.
13
Let z(h) = -h**3 + 22*h**2 - 13*h + 39. Let p(y) = -y**3 + 21*y**2 - 14*y + 39. Let s(j) = 5*p(j) - 4*z(j). List the prime factors of s(16).
7
Let a(u) = -u**2 + 8*u - 8. Let d be (9/6)/((-9)/(-48)). Let n be a(d). Let q(v) = v**2 + 2*v + 16. What are the prime factors of q(n)?
2
Let q = -465 - -773. What are the prime factors of q?
2, 7, 11
Let q(n) be the first derivative of 3*n**3 - 5/2*n**2 + 1/4*n**4 + 5 + 3*n. List the prime factors of q(-9).
2, 3
Suppose -164 = 2*l - 2*y, 78 = -2*l + 4*y - 90. Let d = -78 - l. What are the prime factors of d?
2
Suppose 5*p = -k + 447, 2*p - 1247 = -4*k + 577. What are the prime factors of k?
457
Suppose -2*m + 2*p + 624 = 0, -5*p - 636 = -3*m + 300. Let c = -135 + m. Suppose 3*z - 41 = v - 2*v, -c = -4*v + z. List the prime factors of v.
2, 11
Suppose 2*u - 119 = 2*n + 851, 3*n - 1455 = -3*u. List the prime factors of u.
5, 97
Let s = -1202 + 1491. What are the prime factors of s?
17
Let q(k) = 4*k**2 + 10*k - 7. Suppose -4 + 16 = 3*i. What are the prime factors of q(i)?
97
Let r = 232 + 96. Suppose 0 = -29*v + 33*v - r. What are the prime factors of v?
2, 41
Let o be (128/(-24))/((-4)/6). Suppose -o*p + 5*p = -252. List the prime factors of p.
2, 3, 7
Suppose -188*c = -172*c - 12960. What are the prime factors of c?
2, 3, 5
Suppose 0*h - h - 4*q - 12 = 0, 0 = -2*h + 3*q + 20. Suppose -h*f - f = 5. List the prime factors of f*(-44 - (-3 - -3)).
2, 11
Suppose -5*c + 7 = -5*t + 22, 4*t - c - 15 = 0. Suppose 27 + 17 = t*w. Suppose 0 = -w*y + 10*y + 15. What are the prime factors of y?
3, 5
Suppose -210 = -5*x + 235. Suppose 0 = -2*d + 61 + x. Suppose d = 4*w + w. List the prime factors of w.
3, 5
What are the prime factors of 0/(4 - 1) - (-16050)/5?
2, 3, 5, 107
Let i = -44 - -37. What are the prime factors of (i - -2)*(-2)/4*48?
2, 3, 5
Let r(b) = 13*b - 10. Let x be r(-4). Let l = -10 - x. What are the prime factors of l?
2, 13
Let u(c) be the first derivative of c**3/3 + c**2/2 + 103*c - 35. What are the prime factors of u(0)?
103
Let j = 7285 - 5099. List the prime factors of j.
2, 1093
Suppose g = 5*w - 2*w - 4, -4*g + 3*w = -11. Let v be (g + -1)/(2/2). List the prime factors of 33 + v/8*4.
5, 7
Let i(v) = 2*v**2 - 27*v + 52. What are the prime factors of i(19)?
3, 29
Let r(u) = u**2 + 5*u - 64. Let h be r(26). Suppose 13*a = -a + h. List the prime factors of a.
53
Let j be 276/(-10) - 2/5. Let r be (-973)/j + (-2)/(-8). Let a = r + -2. List the prime factors of a.
3, 11
Let u(t) = t**3 + 6*t + 167. What are the prime factors of u(0)?
167
List the prime factors of (90/27)/(2/267).
5, 89
Let s(r) = -r**3 + 13*r**2 - 13*r + 18. Let k be s(12). Let a = 0 + k. Suppose -5*u = -a*u + 33. What are the prime factors of u?
3, 11
Let l(t) = t**2 - 2*t**3 - 198*t - 1 + 101*t + 95*t + 5. Let b = 2 - 5. List the prime factors of l(b).
73
Let w(i) be the first derivative of i**4/2 + 8*i**3 - 2*i**2 - 10*i - 4. List the prime factors of w(-11).
2, 3, 23
Let s = 45 + -40. Suppose 4*a - 306 = -3*f, -510 = -s*f - 0*f - 5*a. What are the prime factors of f?
2, 3, 17
Suppose -c - 20 = -5*c. Suppose 0 = -c*l + 5 + 15. Suppose 76 = 2*m - l*x, m + 5*x - 57 + 19 = 0. List the prime factors of m.
2, 19
Let c(z) = -7*z + 11. Let h be c(-8). Let q = h + -3. List the prime factors of q.
2
Let a(t) = -t**3 - 18*t**2 - 32*t + 14. Let n be a(-16). List the prime factors of 2388/84 + (-6)/n.
2, 7
What are the prime factors of (199 + 2)*(-7 + 222/18)?
2, 67
Let y = 591 + -429. List the prime factors of y.
2, 3
Let r be 1/(-4) - (-380)/(-80). List the prime factors of (192/(-15))/(1/r).
2
Suppose -10 = 5*q, -1960 = 4*a - 6*a - q. What are the prime factors of a?
3, 109
Let q(z) = z + 8 + 0 + 11*z - 1 + z**2. Let l be q(-9). Let a = -9 - l. List the prime factors of a.
11
Let l = 1027 + -413. List the prime factors of l.
2, 307
Suppose 64 = 4*h + 5*c, -5*h + 0*c = 5*c - 75. Let w(m) be the first derivative of -m**3/3 + 13*m**2/2 - 13*m - 47. What are the prime factors of w(h)?
3
Let l = 30 - 22. Suppose -l = 4*c, 0 = -2*h - 4*c + 32 - 4. Suppose -3*y + 85 = -4*r, 3*y - 61 - h = -2*r. List the prime factors of y.
3
Suppose -2124 = -2*d - 572. What are the prime factors of d?
2, 97
Let r(a) = -6*a + 9. Let v(f) = 5*f - 10. Let n(s) = 3*r(s) + 2*v(s). List the prime fact